{"id":583,"date":"2026-04-08T19:45:19","date_gmt":"2026-04-08T19:45:19","guid":{"rendered":"https:\/\/straganik.art\/?post_type=product&#038;p=583"},"modified":"2026-04-09T06:55:06","modified_gmt":"2026-04-09T06:55:06","slug":"gipsowy-aniolek-zestaw-2-sztuki","status":"publish","type":"product","link":"https:\/\/straganik.art\/index.php\/produkt\/gipsowy-aniolek-zestaw-2-sztuki\/","title":{"rendered":"Gipsowy anio\u0142ek zestaw 2 sztuki"},"content":{"rendered":"<p>Gipsowe anio\u0142ki idealnie nadaj\u0105 si\u0119 na okazje typu: chrzciny, komunia, roczek. Mo\u017cliwo\u015b\u0107 wyboru koloru: be\u017cowy, r\u00f3\u017cowy, bia\u0142y, b\u0142\u0119kitny.<\/p>\n<p>Wymiary:<\/p>\n<p>&#8211; du\u017cy 9cm<\/p>\n<p style=\"text-align: left;\">&#8211; ma\u0142y 7cm<\/p>\n","protected":false},"excerpt":{"rendered":"<p>Zestaw 2 gipsowych anio\u0142k\u00f3w. Z\u0142ocone i lakierowane.<\/p>\n","protected":false},"featured_media":584,"template":"","meta":[],"product_brand":[],"product_cat":[33],"product_tag":[],"class_list":{"0":"post-583","1":"product","2":"type-product","3":"status-publish","4":"has-post-thumbnail","6":"product_cat-dodatki","8":"first","9":"instock","10":"shipping-taxable","11":"purchasable","12":"product-type-simple"},"_links":{"self":[{"href":"https:\/\/straganik.art\/index.php\/wp-json\/wp\/v2\/product\/583","targetHints":{"allow":["GET"]}}],"collection":[{"href":"https:\/\/straganik.art\/index.php\/wp-json\/wp\/v2\/product"}],"about":[{"href":"https:\/\/straganik.art\/index.php\/wp-json\/wp\/v2\/types\/product"}],"wp:featuredmedia":[{"embeddable":true,"href":"https:\/\/straganik.art\/index.php\/wp-json\/wp\/v2\/media\/584"}],"wp:attachment":[{"href":"https:\/\/straganik.art\/index.php\/wp-json\/wp\/v2\/media?parent=583"}],"wp:term":[{"taxonomy":"product_brand","embeddable":true,"href":"https:\/\/straganik.art\/index.php\/wp-json\/wp\/v2\/product_brand?post=583"},{"taxonomy":"product_cat","embeddable":true,"href":"https:\/\/straganik.art\/index.php\/wp-json\/wp\/v2\/product_cat?post=583"},{"taxonomy":"product_tag","embeddable":true,"href":"https:\/\/straganik.art\/index.php\/wp-json\/wp\/v2\/product_tag?post=583"}],"curies":[{"name":"wp","href":"https:\/\/api.w.org\/{rel}","templated":true}]}}