{"id":544,"date":"2026-03-20T10:15:00","date_gmt":"2026-03-20T10:15:00","guid":{"rendered":"https:\/\/straganik.art\/?post_type=product&#038;p=544"},"modified":"2026-04-09T06:54:52","modified_gmt":"2026-04-09T06:54:52","slug":"box-rytual-spokoju","status":"publish","type":"product","link":"https:\/\/straganik.art\/index.php\/produkt\/box-rytual-spokoju\/","title":{"rendered":"Box \u201eRytua\u0142 spokoju\u201d"},"content":{"rendered":"<p>W \u015brodku znajdziesz:<br \/>\n\ud83c\udf38 kubek z delikatnym, kwiecistym wzorem<br \/>\n\ud83c\udf38 aromatyczn\u0105 herbat\u0119<br \/>\n\ud83c\udf38 \u015bwiec\u0119 zapachow\u0105<br \/>\n\ud83c\udf38 kul\u0119 do k\u0105pieli oraz s\u00f3l o przyjemnym, delikatnym zapachu<br \/>\n\ud83c\udf38 subtelny, kwiatowy akcent<br \/>\nCa\u0142o\u015b\u0107 utrzymana jest w pastelowych, r\u00f3\u017cowych odcieniach i zapakowana w eleganckie pude\u0142ko z kokard\u0105 \u2014 gotowe do wr\u0119czenia. To nie tylko zestaw, ale ma\u0142y rytua\u0142 spokoju, kt\u00f3ry pozwala zwolni\u0107 tempo i zadba\u0107 o siebie.<\/p>\n<p>Wymiary pude\u0142ka: 24 x 24 x 9 cm.<\/p>\n<p>&nbsp;<\/p>\n","protected":false},"excerpt":{"rendered":"<p>To idealny pomys\u0142 na prezent \u2013 subtelny, elegancki i pe\u0142en ciep\u0142a. Taki, kt\u00f3ry naprawd\u0119 zostaje na d\u0142u\u017cej.<br \/>\nStworzony z my\u015bl\u0105 o relaksie w domowym zaciszu \u2014 idealny na spokojne wieczory i momenty tylko dla siebie.\ud83d\udcab<\/p>\n","protected":false},"featured_media":545,"template":"","meta":[],"product_brand":[],"product_cat":[15],"product_tag":[],"class_list":{"0":"post-544","1":"product","2":"type-product","3":"status-publish","4":"has-post-thumbnail","6":"product_cat-bez-kategorii","8":"first","9":"instock","10":"shipping-taxable","11":"purchasable","12":"product-type-simple"},"_links":{"self":[{"href":"https:\/\/straganik.art\/index.php\/wp-json\/wp\/v2\/product\/544","targetHints":{"allow":["GET"]}}],"collection":[{"href":"https:\/\/straganik.art\/index.php\/wp-json\/wp\/v2\/product"}],"about":[{"href":"https:\/\/straganik.art\/index.php\/wp-json\/wp\/v2\/types\/product"}],"wp:featuredmedia":[{"embeddable":true,"href":"https:\/\/straganik.art\/index.php\/wp-json\/wp\/v2\/media\/545"}],"wp:attachment":[{"href":"https:\/\/straganik.art\/index.php\/wp-json\/wp\/v2\/media?parent=544"}],"wp:term":[{"taxonomy":"product_brand","embeddable":true,"href":"https:\/\/straganik.art\/index.php\/wp-json\/wp\/v2\/product_brand?post=544"},{"taxonomy":"product_cat","embeddable":true,"href":"https:\/\/straganik.art\/index.php\/wp-json\/wp\/v2\/product_cat?post=544"},{"taxonomy":"product_tag","embeddable":true,"href":"https:\/\/straganik.art\/index.php\/wp-json\/wp\/v2\/product_tag?post=544"}],"curies":[{"name":"wp","href":"https:\/\/api.w.org\/{rel}","templated":true}]}}