{"id":402,"date":"2026-03-11T22:24:28","date_gmt":"2026-03-11T22:24:28","guid":{"rendered":"https:\/\/straganik.art\/?post_type=product&#038;p=402"},"modified":"2026-03-15T09:49:33","modified_gmt":"2026-03-15T09:49:33","slug":"naszyjnik-talizman-harmonii-i-wewnetrznej-mocy","status":"publish","type":"product","link":"https:\/\/straganik.art\/index.php\/produkt\/naszyjnik-talizman-harmonii-i-wewnetrznej-mocy\/","title":{"rendered":"Naszyjnik \u2013 talizman harmonii i wewn\u0119trznej mocy"},"content":{"rendered":"<p>Delikatny, a jednocze\u015bnie pe\u0142en energii naszyjnik stworzony z naturalnych kamieni: a<strong>wenturynu, granatu, cytrynu<\/strong> oraz kamienia syntetycznego &#8211; piasku pustyni.<\/p>\n<p><strong>Zielony awenturyn<\/strong> otula spokojem i wspiera serce, pomagaj\u0105c przyci\u0105ga\u0107 harmoni\u0119 oraz nowe mo\u017cliwo\u015bci.<\/p>\n<p><strong>Granat<\/strong> dodaje odwagi i wewn\u0119trznej si\u0142y, wzmacniaj\u0105c determinacj\u0119 w pod\u0105\u017caniu w\u0142asn\u0105 \u015bcie\u017ck\u0105.<\/p>\n<p><strong>S\u0142oneczny cytryn<\/strong> niesie energi\u0119 obfito\u015bci, rado\u015bci i \u015bwiat\u0142a.<\/p>\n<p>A migocz\u0105cy piasek pustyni przypomina, \u017ce nawet w najwi\u0119kszej ciemno\u015bci potrafi pojawi\u0107 si\u0119 blask.<\/p>\n<p>Ca\u0142o\u015b\u0107 dope\u0142nia z\u0142ota zawieszka w kszta\u0142cie gwiazdy \u2013 symbolu przewodnictwa, intuicji i \u015bwiat\u0142a, kt\u00f3re prowadzi przez \u017cycie.<\/p>\n<p>To talizman dla os\u00f3b, kt\u00f3re chc\u0105 i\u015b\u0107 w\u0142asn\u0105 drog\u0105, z odwag\u0105, spokojem i w zgodzie ze sob\u0105. <span class=\"html-span xexx8yu xyri2b x18d9i69 x1c1uobl x1hl2dhg x16tdsg8 x1vvkbs x3nfvp2 x1j61x8r x1fcty0u xdj266r xat24cr xm2jcoa x1mpyi22 xxymvpz xlup9mm x1kky2od\"><img loading=\"lazy\" decoding=\"async\" class=\"xz74otr x15mokao x1ga7v0g x16uus16 xbiv7yw\" src=\"https:\/\/static.xx.fbcdn.net\/images\/emoji.php\/v9\/tf4\/1\/16\/2728.png\" alt=\"\u2728\" width=\"16\" height=\"16\" \/><\/span><\/p>\n<p>Ka\u017cdy egzemplarz jest unikatowy \u2013 naturalne kamienie mog\u0105 delikatnie r\u00f3\u017cni\u0107 si\u0119 odcieniem i struktur\u0105.<\/p>\n","protected":false},"excerpt":{"rendered":"<p>Naszyjnik \u2013 talizman harmonii i wewn\u0119trznej mocy, kolekcja Artefakty Astralne<\/p>\n","protected":false},"featured_media":456,"template":"","meta":[],"product_brand":[],"product_cat":[24],"product_tag":[20],"class_list":{"0":"post-402","1":"product","2":"type-product","3":"status-publish","4":"has-post-thumbnail","6":"product_cat-naszyjniki","7":"product_tag-naszyjnik","9":"first","10":"instock","11":"shipping-taxable","12":"purchasable","13":"product-type-simple"},"_links":{"self":[{"href":"https:\/\/straganik.art\/index.php\/wp-json\/wp\/v2\/product\/402","targetHints":{"allow":["GET"]}}],"collection":[{"href":"https:\/\/straganik.art\/index.php\/wp-json\/wp\/v2\/product"}],"about":[{"href":"https:\/\/straganik.art\/index.php\/wp-json\/wp\/v2\/types\/product"}],"wp:featuredmedia":[{"embeddable":true,"href":"https:\/\/straganik.art\/index.php\/wp-json\/wp\/v2\/media\/456"}],"wp:attachment":[{"href":"https:\/\/straganik.art\/index.php\/wp-json\/wp\/v2\/media?parent=402"}],"wp:term":[{"taxonomy":"product_brand","embeddable":true,"href":"https:\/\/straganik.art\/index.php\/wp-json\/wp\/v2\/product_brand?post=402"},{"taxonomy":"product_cat","embeddable":true,"href":"https:\/\/straganik.art\/index.php\/wp-json\/wp\/v2\/product_cat?post=402"},{"taxonomy":"product_tag","embeddable":true,"href":"https:\/\/straganik.art\/index.php\/wp-json\/wp\/v2\/product_tag?post=402"}],"curies":[{"name":"wp","href":"https:\/\/api.w.org\/{rel}","templated":true}]}}