{"id":387,"date":"2026-03-11T21:57:50","date_gmt":"2026-03-11T21:57:50","guid":{"rendered":"https:\/\/straganik.art\/?post_type=product&#038;p=387"},"modified":"2026-03-15T09:49:40","modified_gmt":"2026-03-15T09:49:40","slug":"podstawka-pod-kadzidlo-dzien-i-noc-2","status":"publish","type":"product","link":"https:\/\/straganik.art\/index.php\/produkt\/podstawka-pod-kadzidlo-dzien-i-noc-2\/","title":{"rendered":"Podstawka pod kadzid\u0142o Dzie\u0144 i Noc"},"content":{"rendered":"<p>Dzie\u0144 i Noc \u2013 dwa oblicza jednej energii.<\/p>\n<p>Ta r\u0119cznie wykonana podstawka pod kadzid\u0142o powsta\u0142a z \u017cywicy epoksydowej i symbolizuje harmoni\u0119 mi\u0119dzy dniem a noc\u0105, s\u0142o\u0144cem a ksi\u0119\u017cycem, energi\u0105 dzia\u0142ania i spokojem intuicji.<\/p>\n<p>&nbsp;<\/p>\n<p>S\u0142o\u0144ce przypomina o sile, \u017cyciu i wewn\u0119trznym ogniu.<\/p>\n<p>Ksi\u0119\u017cyc prowadzi przez intuicj\u0119, cisz\u0119 i magi\u0119 ukryt\u0105 w nocy.<\/p>\n<p>Kiedy zapalasz kadzid\u0142o, dym symbolicznie przechodzi dok\u0142adnie mi\u0119dzy nimi \u2014 jak most mi\u0119dzy \u015bwiat\u0142em a cieniem.<\/p>\n<p>Bo prawdziwa magia zaczyna si\u0119 wtedy, gdy potrafimy przyj\u0105\u0107 obie strony siebie.<\/p>\n<p>\u2728 Idealna do rytua\u0142\u00f3w, medytacji lub po prostu do stworzenia magicznej atmosfery w domu.<\/p>\n<p>R\u0119kodzie\u0142o stworzone z intencj\u0105.<\/p>\n<p>\u015arednica ok. 7,5 cm<\/p>\n","protected":false},"excerpt":{"rendered":"<p>Podstawka Dzie\u0144 i Noc &#8211; kolekcja Artefakty Astralne<\/p>\n","protected":false},"featured_media":453,"template":"","meta":[],"product_brand":[],"product_cat":[33],"product_tag":[],"class_list":{"0":"post-387","1":"product","2":"type-product","3":"status-publish","4":"has-post-thumbnail","6":"product_cat-dodatki","8":"first","9":"instock","10":"shipping-taxable","11":"purchasable","12":"product-type-simple"},"_links":{"self":[{"href":"https:\/\/straganik.art\/index.php\/wp-json\/wp\/v2\/product\/387","targetHints":{"allow":["GET"]}}],"collection":[{"href":"https:\/\/straganik.art\/index.php\/wp-json\/wp\/v2\/product"}],"about":[{"href":"https:\/\/straganik.art\/index.php\/wp-json\/wp\/v2\/types\/product"}],"wp:featuredmedia":[{"embeddable":true,"href":"https:\/\/straganik.art\/index.php\/wp-json\/wp\/v2\/media\/453"}],"wp:attachment":[{"href":"https:\/\/straganik.art\/index.php\/wp-json\/wp\/v2\/media?parent=387"}],"wp:term":[{"taxonomy":"product_brand","embeddable":true,"href":"https:\/\/straganik.art\/index.php\/wp-json\/wp\/v2\/product_brand?post=387"},{"taxonomy":"product_cat","embeddable":true,"href":"https:\/\/straganik.art\/index.php\/wp-json\/wp\/v2\/product_cat?post=387"},{"taxonomy":"product_tag","embeddable":true,"href":"https:\/\/straganik.art\/index.php\/wp-json\/wp\/v2\/product_tag?post=387"}],"curies":[{"name":"wp","href":"https:\/\/api.w.org\/{rel}","templated":true}]}}